{"version":"1.0","provider_name":"CKiO Podkowa Le\u015bna","provider_url":"https:\/\/www.ckiopodkowa.pl","author_name":"Barbara Potka\u0144ska","author_url":"https:\/\/www.ckiopodkowa.pl\/index.php\/author\/cki5686-y\/","title":"Niedzielne popo\u0142udnie z ta\u0144cami bu\u0142garskimi - CKiO Podkowa Le\u015bna","type":"rich","width":600,"height":338,"html":"<blockquote class=\"wp-embedded-content\" data-secret=\"W2noT2pniR\"><a href=\"https:\/\/www.ckiopodkowa.pl\/index.php\/2026\/04\/28\/niedzielne-popoludnie-z-tancami-bulgarskimi\/\">Niedzielne popo\u0142udnie z ta\u0144cami bu\u0142garskimi<\/a><\/blockquote><iframe sandbox=\"allow-scripts\" security=\"restricted\" src=\"https:\/\/www.ckiopodkowa.pl\/index.php\/2026\/04\/28\/niedzielne-popoludnie-z-tancami-bulgarskimi\/embed\/#?secret=W2noT2pniR\" width=\"600\" height=\"338\" title=\"&#8222;Niedzielne popo\u0142udnie z ta\u0144cami bu\u0142garskimi&#8221; &#8212; CKiO Podkowa Le\u015bna\" data-secret=\"W2noT2pniR\" frameborder=\"0\" marginwidth=\"0\" marginheight=\"0\" scrolling=\"no\" class=\"wp-embedded-content\"><\/iframe><script>\n\/*! This file is auto-generated *\/\n!function(d,l){\"use strict\";l.querySelector&&d.addEventListener&&\"undefined\"!=typeof URL&&(d.wp=d.wp||{},d.wp.receiveEmbedMessage||(d.wp.receiveEmbedMessage=function(e){var t=e.data;if((t||t.secret||t.message||t.value)&&!\/[^a-zA-Z0-9]\/.test(t.secret)){for(var s,r,n,a=l.querySelectorAll('iframe[data-secret=\"'+t.secret+'\"]'),o=l.querySelectorAll('blockquote[data-secret=\"'+t.secret+'\"]'),c=new RegExp(\"^https?:$\",\"i\"),i=0;i<o.length;i++)o[i].style.display=\"none\";for(i=0;i<a.length;i++)s=a[i],e.source===s.contentWindow&&(s.removeAttribute(\"style\"),\"height\"===t.message?(1e3<(r=parseInt(t.value,10))?r=1e3:~~r<200&&(r=200),s.height=r):\"link\"===t.message&&(r=new URL(s.getAttribute(\"src\")),n=new URL(t.value),c.test(n.protocol))&&n.host===r.host&&l.activeElement===s&&(d.top.location.href=t.value))}},d.addEventListener(\"message\",d.wp.receiveEmbedMessage,!1),l.addEventListener(\"DOMContentLoaded\",function(){for(var e,t,s=l.querySelectorAll(\"iframe.wp-embedded-content\"),r=0;r<s.length;r++)(t=(e=s[r]).getAttribute(\"data-secret\"))||(t=Math.random().toString(36).substring(2,12),e.src+=\"#?secret=\"+t,e.setAttribute(\"data-secret\",t)),e.contentWindow.postMessage({message:\"ready\",secret:t},\"*\")},!1)))}(window,document);\n\/\/# sourceURL=https:\/\/www.ckiopodkowa.pl\/wp-includes\/js\/wp-embed.min.js\n<\/script>\n","thumbnail_url":"https:\/\/www.ckiopodkowa.pl\/wp-content\/uploads\/2026\/04\/plakat-10.05-724x1024.png","thumbnail_width":724,"thumbnail_height":1024,"description":"10 maja (niedziela) o godz. 16.00 zapraszamy na spotkanie z ta\u0144cami bu\u0142garskimi.&nbsp; Polsko-bu\u0142garski zesp\u00f3\u0142 Izgrev (po bu\u0142garsku \u201ewsch\u00f3ds\u0142o\u0144ca\u201d) \u2013 to grupa mi\u0142o\u015bnik\u00f3w ta\u0144ca i kultury Bu\u0142garii. Zesp\u00f3\u0142 tworz\u0105 w wi\u0119kszo\u015bci tancerze, kt\u00f3rzy przez lata wyst\u0119powali i promowali ta\u0144ce i kultur\u0119 bu\u0142garsk\u0105.Polska publiczno\u015b\u0107 mog\u0142a zobaczy\u0107 ich m.in. podczas fina\u0142\u00f3w WO\u015aP w Blue City, Mi\u0119dzynarodowego Kiermaszu Charytatywnego [&hellip;]"}

CKiO Podkowa Leśna

Barbara Potkańska

Niedzielne popołudnie z tańcami bułgarskimi - CKiO Podkowa Leśna

<blockquote class="wp-embedded-content" data-secret="W2noT2pniR"><a href="https://www.ckiopodkowa.pl/index.php/2026/04/28/niedzielne-popoludnie-z-tancami-bulgarskimi/">Niedzielne popołudnie z tańcami bułgarskimi</a></blockquote><iframe sandbox="allow-scripts" security="restricted" src="https://www.ckiopodkowa.pl/index.php/2026/04/28/niedzielne-popoludnie-z-tancami-bulgarskimi/embed/#?secret=W2noT2pniR" width="600" height="338" title="&#8222;Niedzielne popołudnie z tańcami bułgarskimi&#8221; &#8212; CKiO Podkowa Leśna" data-secret="W2noT2pniR" frameborder="0" marginwidth="0" marginheight="0" scrolling="no" class="wp-embedded-content"></iframe><script>
/*! This file is auto-generated */
!function(d,l){"use strict";l.querySelector&&d.addEventListener&&"undefined"!=typeof URL&&(d.wp=d.wp||{},d.wp.receiveEmbedMessage||(d.wp.receiveEmbedMessage=function(e){var t=e.data;if((t||t.secret||t.message||t.value)&&!/[^a-zA-Z0-9]/.test(t.secret)){for(var s,r,n,a=l.querySelectorAll('iframe[data-secret="'+t.secret+'"]'),o=l.querySelectorAll('blockquote[data-secret="'+t.secret+'"]'),c=new RegExp("^https?:$","i"),i=0;i<o.length;i++)o[i].style.display="none";for(i=0;i<a.length;i++)s=a[i],e.source===s.contentWindow&&(s.removeAttribute("style"),"height"===t.message?(1e3<(r=parseInt(t.value,10))?r=1e3:~~r<200&&(r=200),s.height=r):"link"===t.message&&(r=new URL(s.getAttribute("src")),n=new URL(t.value),c.test(n.protocol))&&n.host===r.host&&l.activeElement===s&&(d.top.location.href=t.value))}},d.addEventListener("message",d.wp.receiveEmbedMessage,!1),l.addEventListener("DOMContentLoaded",function(){for(var e,t,s=l.querySelectorAll("iframe.wp-embedded-content"),r=0;r<s.length;r++)(t=(e=s[r]).getAttribute("data-secret"))||(t=Math.random().toString(36).substring(2,12),e.src+="#?secret="+t,e.setAttribute("data-secret",t)),e.contentWindow.postMessage({message:"ready",secret:t},"*")},!1)))}(window,document);
//# sourceURL=https://www.ckiopodkowa.pl/wp-includes/js/wp-embed.min.js
</script>

10 maja (niedziela) o godz. 16.00 zapraszamy na spotkanie z tańcami bułgarskimi.&nbsp; Polsko-bułgarski zespół Izgrev (po bułgarsku „wschódsłońca”) – to grupa miłośników tańca i kultury Bułgarii. Zespół tworzą w większości tancerze, którzy przez lata występowali i promowali tańce i kulturę bułgarską.Polska publiczność mogła zobaczyć ich m.in. podczas finałów WOŚP w Blue City, Międzynarodowego Kiermaszu Charytatywnego [&hellip;]
