{"version":"1.0","provider_name":"CKiO Podkowa Le\u015bna","provider_url":"https:\/\/www.ckiopodkowa.pl","author_name":"Paulina Soczewka","author_url":"https:\/\/www.ckiopodkowa.pl\/index.php\/author\/cki5463-p\/","title":"\u015awiatowy Dzie\u0144 Ta\u0144c\u00f3w w Kr\u0119gu - CKiO Podkowa Le\u015bna","type":"rich","width":600,"height":338,"html":"<blockquote class=\"wp-embedded-content\" data-secret=\"7o82P8cXKA\"><a href=\"https:\/\/www.ckiopodkowa.pl\/index.php\/2023\/06\/23\/swiatowy-dzien-tancow-w-kregu\/\">\u015awiatowy Dzie\u0144 Ta\u0144c\u00f3w w Kr\u0119gu<\/a><\/blockquote><iframe sandbox=\"allow-scripts\" security=\"restricted\" src=\"https:\/\/www.ckiopodkowa.pl\/index.php\/2023\/06\/23\/swiatowy-dzien-tancow-w-kregu\/embed\/#?secret=7o82P8cXKA\" width=\"600\" height=\"338\" title=\"&#8222;\u015awiatowy Dzie\u0144 Ta\u0144c\u00f3w w Kr\u0119gu&#8221; &#8212; CKiO Podkowa Le\u015bna\" data-secret=\"7o82P8cXKA\" frameborder=\"0\" marginwidth=\"0\" marginheight=\"0\" scrolling=\"no\" class=\"wp-embedded-content\"><\/iframe><script>\n\/*! This file is auto-generated *\/\n!function(d,l){\"use strict\";l.querySelector&&d.addEventListener&&\"undefined\"!=typeof URL&&(d.wp=d.wp||{},d.wp.receiveEmbedMessage||(d.wp.receiveEmbedMessage=function(e){var t=e.data;if((t||t.secret||t.message||t.value)&&!\/[^a-zA-Z0-9]\/.test(t.secret)){for(var s,r,n,a=l.querySelectorAll('iframe[data-secret=\"'+t.secret+'\"]'),o=l.querySelectorAll('blockquote[data-secret=\"'+t.secret+'\"]'),c=new RegExp(\"^https?:$\",\"i\"),i=0;i<o.length;i++)o[i].style.display=\"none\";for(i=0;i<a.length;i++)s=a[i],e.source===s.contentWindow&&(s.removeAttribute(\"style\"),\"height\"===t.message?(1e3<(r=parseInt(t.value,10))?r=1e3:~~r<200&&(r=200),s.height=r):\"link\"===t.message&&(r=new URL(s.getAttribute(\"src\")),n=new URL(t.value),c.test(n.protocol))&&n.host===r.host&&l.activeElement===s&&(d.top.location.href=t.value))}},d.addEventListener(\"message\",d.wp.receiveEmbedMessage,!1),l.addEventListener(\"DOMContentLoaded\",function(){for(var e,t,s=l.querySelectorAll(\"iframe.wp-embedded-content\"),r=0;r<s.length;r++)(t=(e=s[r]).getAttribute(\"data-secret\"))||(t=Math.random().toString(36).substring(2,12),e.src+=\"#?secret=\"+t,e.setAttribute(\"data-secret\",t)),e.contentWindow.postMessage({message:\"ready\",secret:t},\"*\")},!1)))}(window,document);\n\/\/# sourceURL=https:\/\/www.ckiopodkowa.pl\/wp-includes\/js\/wp-embed.min.js\n<\/script>\n","thumbnail_url":"https:\/\/www.ckiopodkowa.pl\/wp-content\/uploads\/2023\/06\/355326526_276349011569776_7028638354109144639_n.jpg","thumbnail_width":1448,"thumbnail_height":2048,"description":"\u015awiatowy Dzie\u0144 Ta\u0144c\u00f3w w Kr\u0119gu &#8211; spotkanie grup tanecznych z Podwarszawskiego Tr\u00f3jmiasta Ogrod\u00f3w Zapraszamy w niedziel\u0119 25 czerwca o godz. 16:00 do wsp\u00f3lnego ta\u0144ca: w kr\u0119gu, liniowo, w korowodach, w zmiennych parach. Melodie z ca\u0142ego \u015bwiata, ludowe i popularne oraz \u0142atwe uk\u0142ady choreograficzne sprawiaj\u0105, \u017ce nogi same chodz\u0105, a produkcja endorfin si\u0119ga zenitu! Wst\u0119p wolny!"}

CKiO Podkowa Leśna

Światowy Dzień Tańców w Kręgu - CKiO Podkowa Leśna

<blockquote class="wp-embedded-content" data-secret="7o82P8cXKA"><a href="https://www.ckiopodkowa.pl/index.php/2023/06/23/swiatowy-dzien-tancow-w-kregu/">Światowy Dzień Tańców w Kręgu</a></blockquote><iframe sandbox="allow-scripts" security="restricted" src="https://www.ckiopodkowa.pl/index.php/2023/06/23/swiatowy-dzien-tancow-w-kregu/embed/#?secret=7o82P8cXKA" width="600" height="338" title="&#8222;Światowy Dzień Tańców w Kręgu&#8221; &#8212; CKiO Podkowa Leśna" data-secret="7o82P8cXKA" frameborder="0" marginwidth="0" marginheight="0" scrolling="no" class="wp-embedded-content"></iframe><script>
/*! This file is auto-generated */
!function(d,l){"use strict";l.querySelector&&d.addEventListener&&"undefined"!=typeof URL&&(d.wp=d.wp||{},d.wp.receiveEmbedMessage||(d.wp.receiveEmbedMessage=function(e){var t=e.data;if((t||t.secret||t.message||t.value)&&!/[^a-zA-Z0-9]/.test(t.secret)){for(var s,r,n,a=l.querySelectorAll('iframe[data-secret="'+t.secret+'"]'),o=l.querySelectorAll('blockquote[data-secret="'+t.secret+'"]'),c=new RegExp("^https?:$","i"),i=0;i<o.length;i++)o[i].style.display="none";for(i=0;i<a.length;i++)s=a[i],e.source===s.contentWindow&&(s.removeAttribute("style"),"height"===t.message?(1e3<(r=parseInt(t.value,10))?r=1e3:~~r<200&&(r=200),s.height=r):"link"===t.message&&(r=new URL(s.getAttribute("src")),n=new URL(t.value),c.test(n.protocol))&&n.host===r.host&&l.activeElement===s&&(d.top.location.href=t.value))}},d.addEventListener("message",d.wp.receiveEmbedMessage,!1),l.addEventListener("DOMContentLoaded",function(){for(var e,t,s=l.querySelectorAll("iframe.wp-embedded-content"),r=0;r<s.length;r++)(t=(e=s[r]).getAttribute("data-secret"))||(t=Math.random().toString(36).substring(2,12),e.src+="#?secret="+t,e.setAttribute("data-secret",t)),e.contentWindow.postMessage({message:"ready",secret:t},"*")},!1)))}(window,document);
//# sourceURL=https://www.ckiopodkowa.pl/wp-includes/js/wp-embed.min.js
</script>

Światowy Dzień Tańców w Kręgu &#8211; spotkanie grup tanecznych z Podwarszawskiego Trójmiasta Ogrodów Zapraszamy w niedzielę 25 czerwca o godz. 16:00 do wspólnego tańca: w kręgu, liniowo, w korowodach, w zmiennych parach. Melodie z całego świata, ludowe i popularne oraz łatwe układy choreograficzne sprawiają, że nogi same chodzą, a produkcja endorfin sięga zenitu! Wstęp wolny!
